 + -14295. Is x a composite number?
True
Let z(s) = -58*s + 22. Let l(v) = v. Let f(m) = -3*l(m) + z(m). Suppose q + 18 = 3*w, -4*q + 2*w - w = 61. Is f(q) a composite number?
False
Let f = -4807 + 2226. Let k = -1472 - f. Is k composite?
False
Suppose 0 = 6*n - 20 + 14, -149589 = -2*j + 5*n. Is j prime?
True
Suppose 11*p = 5*p - 12. Let k(d) = 3*d**2 - 2 - 50*d**3 + 7 + 5*d - d**2 - 147*d**3. Is k(p) a composite number?
False
Suppose -2*r = -3*r - 10240. Suppose -63*q = -52*q - 55. Is 7 + -2 - r/q a composite number?
False
Is 22849306/32 - (-2166)/11552 a composite number?
True
Let d(f) = -11*f**3 - 73*f**2 + 35*f + 131. Is d(-32) prime?
True
Suppose -3*x - 5*r + 188 = 0, -2*x = -6*r + 3*r - 157. Suppose -x*w - 8007 = -74*w. Is w a composite number?
True
Let z(n) = -100*n**3 + 13*n**2 + 29*n + 143. Is z(-11) a prime number?
False
Let a = 95655 - 52996. Is a prime?
False
Suppose 0 = -7*x + 12*x - 3000. Suppose -5*t + 4740 = -4*r + x, -2*t - r = -1643. Suppose t = 2*u + 2*u. Is u prime?
False
Suppose 10*b = 658600 - 6930. Is b a composite number?
False
Let u be (16/(-40) - 24/(-10)) + -47. Let v = u + 43. Is (v + 10764)*3/6 a prime number?
True
Let t = 104089 - -7056. Is t a prime number?
False
Let h(z) = z**3 + 9*z**2 - 7*z + 19. Let d be h(-7). Let u be (60/(-2) + 3)*-1. Suppose 0 = -p + d - u. Is p composite?
False
Suppose 164 = -7*t + 164. Suppose 0 = -5*g - 8 - 7, -5*c + 4*g + 4597 = t. Is c a composite number?
True
Let k = 846 - -14253. Is 102/(-15)*(1 + k/(-14)) prime?
False
Suppose -b + 63 - 22 = -4*d, 5*d = -20. Is (-61678)/(-4) + ((-225)/18)/b prime?
False
Let z = 3411 - 2178. Let w = -647 + z. Is w a prime number?
False
Let l = -193 + 325. Let x = -387 - l. Let t = x - -2764. Is t a composite number?
True
Suppose -3*b + 299689 = 58*f - 54*f, -2*f + 149842 = 4*b. Is f prime?
True
Let z be 4 + -8 + 1 + 4. Let u be 1*(z - (-1597 + -4)). Suppose 5*k = -0*k - 2*t + 1603, -5*k = 3*t - u. Is k prime?
False
Suppose 5*q = -2*v - 2, q - 4*v - 4 = -0. Suppose -3*r + 6*u = 2*u - 2371, q = 2*r + u - 1599. Is r a composite number?
False
Suppose -179203 = -27*c + 429620. Is c a composite number?
False
Suppose -5*k + 2*k - 2181 = 0. Suppose -2699 = 2*p - 5*a, -a + 3612 = -2*p + 893. Let u = k - p. Is u prime?
False
Suppose 4*t = -4*v + 290088, 0 = -4*t + 29*v - 24*v + 290124. Is t a prime number?
False
Let c = -70 - -78. Suppose w + 4*z - 2976 = 450, 2*z = -c. Is w prime?
False
Let v(r) = 3*r**3 + 2*r**2 + 37*r - 61. Is v(30) composite?
True
Let z = 4498 - 2539. Let f = -209 + 213. Suppose o + z = f*o. Is o a composite number?
False
Suppose 0 = -17*u + 1950889 - 160466. Is u composite?
False
Suppose a + 4*g + 44 = -3*a, -1 = 2*a - 5*g. Let w be (-36)/a*-13*(-1 - -31). Let o = w + 2728. Is o a prime number?
False
Suppose 1095*r - 1096*r = -31. Suppose -r*z + 44*z - 507533 = 0. Is z a prime number?
True
Let u = 12 + -8. Suppose 0*q = 5*p - u*q - 1060, -3*q + 424 = 2*p. Suppose 3*x = -x + p. Is x a composite number?
False
Suppose -2*w = -5*b - 5, -3 - 1 = 4*b. Suppose w = 4*k - 9*k + a + 5733, -4*a = 3*k - 3449. Is k a composite number?
True
Suppose 70 - 40 = -5*x, -3*y = 4*x - 507897. Is y a composite number?
False
Suppose 40*i + 1075 = 65*i. Suppose -9327 = i*w - 46*w. Is w a composite number?
False
Let x(o) = 15*o**2 + 1102*o + 33. Is x(38) composite?
True
Let j be 1/(-4) - 161/28 - 85. Is (-39)/j*14 - (0 + -2123) a prime number?
True
Suppose -7*c + 306594 = 11*c. Let i = c - 12006. Is i a prime number?
False
Suppose 3*j - 81315 = 2*p + p, 5*j = -5*p + 135565. Suppose -49809 = -5*h - t, -3*h + j = 4*t - 2790. Is h a composite number?
True
Let k be 197/788 - 39/(-4). Suppose -5*m = 2*f - 7, 0*f - 2*m = -2*f. Is (-5)/k + ((-3610)/(-4) - f) a prime number?
False
Let q = -259968 + 441491. Is q a prime number?
True
Suppose -k + 2*m - 1 = 0, 3*k + 4*m - 9 - 8 = 0. Suppose -b + 10 = l, 2*b - l - 44 = k*l. Is (15/3*2)/(b/1253) composite?
True
Suppose -4*y = -4*s - 20, 0 = 4*y - 2*s + 3*s - 25. Let p(q) = 1 + 9 + 2 + 5*q + 1. Is p(y) a composite number?
False
Let y = 211 + -204. Is (2/(-4))/(y/42) + 1160 a prime number?
False
Let a(h) = 2*h - 14. Let r be a(5). Let p be ((-110)/r)/((-1)/(-5 + 3)). Suppose 3*w - 392 = p. Is w a composite number?
False
Suppose 2*y - 3*y + 4338 = c, 5*c = 0. Let s = 6953 + y. Is s prime?
False
Let s = 54 + -24. Let a = s - 21. Is ((-309)/a)/(9/(-27)) a composite number?
False
Is (-55)/9 + 7 + 89688420/324 composite?
False
Let l(k) = 72375*k**2 - 1932*k - 13. Is l(6) a composite number?
True
Let l be ((-12)/21)/1*(-19306)/28. Suppose 5*n = -5*y - 57 + 447, 0 = -5*n + 25. Let j = l + y. Is j composite?
False
Suppose 16*r - 54*r + 6106711 = -25*r. Is r composite?
False
Let u(x) = 292*x - 157. Let t(h) = -h**2 + 11*h + 38. Let l be t(11). Is u(l) a composite number?
False
Let f(u) = 2*u**2 - 6*u + 7. Let l be f(1). Is (336824/(-40) - l)/(6/(-15)) prime?
True
Let j = 1621 - 317. Suppose -n + j = -5237. Is n composite?
True
Let o(c) = -5781*c - 439. Is o(-80) prime?
True
Let m be -1*(45/(-21) + 6/42). Suppose -m*u + 499 = -571. Is u prime?
False
Suppose 0*c - 3*z = c - 94, c - 5*z - 126 = 0. Let f be (c/6 + 0)*(-2 - -29). Suppose -3*d + 0*d = -f. Is d composite?
True
Let c(j) = -j**3 + 22*j**2 - 22*j - 30. Let v be c(21). Let r = 53 + v. Suppose r*f + 1334 = 4*f. Is f a prime number?
False
Let w(t) = 3*t**3 + 7*t**2 + 31*t - 55. Let m be w(-14). Let p = 10588 + m. Is p composite?
True
Suppose g - 11463 = 34212. Let h = g - 23962. Is h a composite number?
False
Let i = -12 + 16. Suppose 5*g - b = b + 20549, i*g - 3*b - 16435 = 0. Is g a prime number?
True
Suppose 12591150 = 47*k - 29090471. Is k composite?
True
Let w(o) = 69*o - 1258. Is w(64) a composite number?
True
Is 379732/(-10)*1350/(-540) a composite number?
False
Suppose -w = 2*m - 203, 0 = -0*m - m + w + 97. Suppose 0 = 7*k - 11*k + m. Suppose k - 1527 = -2*t. Is t composite?
False
Let x be (5/(5/6))/(-6 - -5). Let l(s) = -1675*s - 23. Is l(x) a prime number?
False
Let l(n) = -n - 373. Let g(x) = -x + 2. Let i(o) = 3*g(o) - l(o). Is i(0) composite?
False
Let k(u) = -3*u**3 + 185*u**2 + 32*u - 225. Is k(52) prime?
False
Let j = -85 - -84. Let k be (35/21 - (-2)/(-3))*j. Is (38320/48)/(-2*k/6) a prime number?
False
Let r(v) = v - 1. Let l(a) = 14*a**3 - 5*a**2 - 7. Let o(s) = -l(s) - 3*r(s). Let x be o(-5). Is x/8 - 3 - (-3)/6 a composite number?
True
Let k(t) = 144561*t + 10970. Is k(29) prime?
True
Let o = 888606 + -407497. Is o composite?
False
Let t be (-733)/7 - (-2)/(-7). Let n be 150/12 + -11 + 1598/(-4). Let a = t - n. Is a prime?
True
Suppose 0 = -i - 34 - 19. Let y = 49 + i. Let p(v) = -8*v**3 - 2*v**2 - v + 3. Is p(y) composite?
False
Let r be 1411/187 + (-12)/22. Let y(h) = -h**3 - 2*h**2 - 12*h + 2. Let j(q) = 2*q**3 + 4*q**2 + 24*q - 3. Let f(w) = -6*j(w) - 13*y(w). Is f(r) prime?
False
Let v be (-2)/7 - (0 + (-74)/14). Suppose 525 = g - 2*j, g - 3*g = v*j - 1059. Let y = g - 276. Is y a composite number?
False
Let f(t) = -3*t**3 - 97*t**2 - 271*t + 58. Is f(-45) prime?
True
Let h be -3*(-8)/24 - (-6454)/(-1). Let d = h + 21760. Is d a prime number?
True
Suppose -127906 = -4*j + 9*s, 2*j - 3*s - 63956 = -0*s. Is j composite?
False
Let k(b) = -12781*b**3 - 8*b**2 - 16*b - 10. Is k(-3) a composite number?
True
Suppose -18*k - 3*k = -189. Suppose 0 = -k*d + 424184 - 92687. Is d prime?
True
Let l(z) = -z + 4 - 45*z**2 + 3*z**3 - 4*z**3 + 40*z**2 + 1. Let x be l(-4). Is -3 + 1576*(14/(-4))/x prime?
False
Suppose 4*b - 35140 = -4*f, -3*b + 26391 = -148*f + 145*f. Is b a prime number?
False
Let n(a) = -321*a + 3. Let i be n(-3). Suppose -23*y = -20*y - i. Suppose y = o + 3*w, w + 292 = o - 2*w. Is o a composite number?
False
Suppose -4*w + 73 - 65 = 0. Suppose g - w*r - 10475 = 0, 2*r - 10477 = -g + 6*r. Is g a prime number?
False
Let b(m) = 7*m + 9. Suppose -10*h = -h + 18. Let q be b(h). Is -960*10/(-5) + q composite?
True
Suppose -4*m + 3*t - 12 = -t, 5*m = -5*t + 35. Let g be (-2 - (m - 7)) + -1. Suppose -3*b - 2*l + 438 = g*l, -4*b - 4*l + 580 = 0. Is b prime?
False
Suppose -u = -5*y - 380486, 0 = -4*u + 2*y + 2087524 - 565742. Is u a prime number?
True
Let g be -45 + 8*2/(-4). Let p = g + 43. Is p/(4 + -2) + 56 a composite number?
False
Let b(i) = i**2 + 9*i +